{"id":151,"date":"2023-04-03T19:15:16","date_gmt":"2023-04-03T17:15:16","guid":{"rendered":"https:\/\/consbuenosaires.esteri.it\/chi-siamo\/il-console-generale\/"},"modified":"2025-02-07T20:05:01","modified_gmt":"2025-02-07T19:05:01","slug":"il-console-generale","status":"publish","type":"page","link":"https:\/\/consbuenosaires.esteri.it\/es\/chi-siamo\/il-console-generale\/","title":{"rendered":"El C\u00f3nsul General"},"content":{"rendered":"<div>\n<p><img loading=\"lazy\" decoding=\"async\" class=\"wp-image-1842 img-fluid aligncenter\" src=\"https:\/\/consbuenosaires.esteri.it\/wp-content\/uploads\/2023\/08\/Foto-Console-Generale-2023-245x300.jpeg\" alt=\"\" width=\"356\" height=\"436\" srcset=\"https:\/\/consbuenosaires.esteri.it\/wp-content\/uploads\/2023\/08\/Foto-Console-Generale-2023-245x300.jpeg 245w, https:\/\/consbuenosaires.esteri.it\/wp-content\/uploads\/2023\/08\/Foto-Console-Generale-2023-768x939.jpeg 768w, https:\/\/consbuenosaires.esteri.it\/wp-content\/uploads\/2023\/08\/Foto-Console-Generale-2023.jpeg 836w\" sizes=\"auto, (max-width: 356px) 100vw, 356px\" \/><\/p>\n<h4>Carmelo Barbera<\/h4>\n<p>Nacido en Messina en el a\u00f1o 1978, luego de diplomarse en el Liceo se grad\u00faa en Ciencias Internacionales y Diplom\u00e1ticas en la Universidad de Bologna, Sede de Forl\u00ec.<\/p>\n<p>Ingresa a la carrera Diplom\u00e1tica en el a\u00f1o 2003, prestando servicio ante la Inspecci\u00f3n General del Ministerio y de las Oficinas en el Exterior y posteriormente en la Unidad de Coordinaci\u00f3n de la Secretar\u00eda General.<\/p>\n<p>Desde el 2008 hasta el 2011 es Jefe de la Oficina Econ\u00f3mico &#8211; Comercial de la Embajada en Bucarest y del 2011 al 2013 presta servicio ante la Embajada en Mosc\u00fa.<\/p>\n<p>De regreso en Roma, desde el a\u00f1o 2013 hasta el 2019 cumple funciones en la Oficina de Asuntos Diplom\u00e1ticos de la Presidencia de la Rep\u00fablica.<\/p>\n<p>En el verano de 2019 es destinado nuevamente al exterior, a la Embajada de Italia en Washington. Desde octubre de 2019 hasta junio de 2020 es asimismo \u201cTransatlantic Diplomatic Fellow\u201d ante el Departamento de Estado de los Estados Unidos.<\/p>\n<p>En el 2021 es promovido a Consejero de Embajada.<\/p>\n<p>C\u00f3nsul General de Italia en Buenos Aires desde el 21 de agosto de 2023.<\/p>\n<p>Oficial del Orden al M\u00e9rito de la Rep\u00fablica Italiana<\/p>\n<p>Casado, es padre de dos ni\u00f1as.<\/p>\n<p>El C\u00f3nsul General es asistido por el C\u00f3nsul Lorenzo Conti y por un equipo de 45 personas.<\/p>\n<p><strong><a href=\"https:\/\/consbuenosaires.esteri.it\/es\/news\/dal_consolato\/2023\/08\/mensaje-de-saludo-del-consul-general\/\" target=\"_blank\" rel=\"noopener\">Mensaje de saludo<\/a><\/strong><\/p>\n<p><strong><a href=\"https:\/\/consbuenosaires.esteri.it\/wp-content\/uploads\/2025\/02\/Lista_CONSOLI.pdf\" target=\"_blank\" rel=\"noopener\">Listado de los C\u00f3nsules Generales de Italia en Buenos Aires<\/a><\/strong><\/p>\n<\/div>\n","protected":false},"excerpt":{"rendered":"Carmelo Barbera Nacido en Messina en el a\u00f1o 1978, luego de diplomarse en el Liceo se grad\u00faa en Ciencias Internacionales y Diplom\u00e1ticas en la Universidad de Bologna, Sede de Forl\u00ec. Ingresa a la carrera Diplom\u00e1tica en el a\u00f1o 2003, prestando servicio ante la Inspecci\u00f3n General del Ministerio y de las Oficinas en el Exterior y [&hellip;]","protected":false},"author":1,"featured_media":0,"parent":150,"menu_order":0,"comment_status":"closed","ping_status":"closed","template":"","meta":{"footnotes":""},"class_list":["post-151","page","type-page","status-publish","hentry"],"_links":{"self":[{"href":"https:\/\/consbuenosaires.esteri.it\/es\/wp-json\/wp\/v2\/pages\/151","targetHints":{"allow":["GET"]}}],"collection":[{"href":"https:\/\/consbuenosaires.esteri.it\/es\/wp-json\/wp\/v2\/pages"}],"about":[{"href":"https:\/\/consbuenosaires.esteri.it\/es\/wp-json\/wp\/v2\/types\/page"}],"author":[{"embeddable":true,"href":"https:\/\/consbuenosaires.esteri.it\/es\/wp-json\/wp\/v2\/users\/1"}],"replies":[{"embeddable":true,"href":"https:\/\/consbuenosaires.esteri.it\/es\/wp-json\/wp\/v2\/comments?post=151"}],"version-history":[{"count":7,"href":"https:\/\/consbuenosaires.esteri.it\/es\/wp-json\/wp\/v2\/pages\/151\/revisions"}],"predecessor-version":[{"id":6225,"href":"https:\/\/consbuenosaires.esteri.it\/es\/wp-json\/wp\/v2\/pages\/151\/revisions\/6225"}],"up":[{"embeddable":true,"href":"https:\/\/consbuenosaires.esteri.it\/es\/wp-json\/wp\/v2\/pages\/150"}],"wp:attachment":[{"href":"https:\/\/consbuenosaires.esteri.it\/es\/wp-json\/wp\/v2\/media?parent=151"}],"curies":[{"name":"wp","href":"https:\/\/api.w.org\/{rel}","templated":true}]}}

El Cónsul General

<div>
<p><img loading="lazy" decoding="async" class="wp-image-1842 img-fluid aligncenter" src="https://consbuenosaires.esteri.it/wp-content/uploads/2023/08/Foto-Console-Generale-2023-245x300.jpeg" alt="" width="356" height="436" srcset="https://consbuenosaires.esteri.it/wp-content/uploads/2023/08/Foto-Console-Generale-2023-245x300.jpeg 245w, https://consbuenosaires.esteri.it/wp-content/uploads/2023/08/Foto-Console-Generale-2023-768x939.jpeg 768w, https://consbuenosaires.esteri.it/wp-content/uploads/2023/08/Foto-Console-Generale-2023.jpeg 836w" sizes="auto, (max-width: 356px) 100vw, 356px" /></p>
<h4>Carmelo Barbera</h4>
<p>Nacido en Messina en el año 1978, luego de diplomarse en el Liceo se gradúa en Ciencias Internacionales y Diplomáticas en la Universidad de Bologna, Sede de Forlì.</p>
<p>Ingresa a la carrera Diplomática en el año 2003, prestando servicio ante la Inspección General del Ministerio y de las Oficinas en el Exterior y posteriormente en la Unidad de Coordinación de la Secretaría General.</p>
<p>Desde el 2008 hasta el 2011 es Jefe de la Oficina Económico &#8211; Comercial de la Embajada en Bucarest y del 2011 al 2013 presta servicio ante la Embajada en Moscú.</p>
<p>De regreso en Roma, desde el año 2013 hasta el 2019 cumple funciones en la Oficina de Asuntos Diplomáticos de la Presidencia de la República.</p>
<p>En el verano de 2019 es destinado nuevamente al exterior, a la Embajada de Italia en Washington. Desde octubre de 2019 hasta junio de 2020 es asimismo “Transatlantic Diplomatic Fellow” ante el Departamento de Estado de los Estados Unidos.</p>
<p>En el 2021 es promovido a Consejero de Embajada.</p>
<p>Cónsul General de Italia en Buenos Aires desde el 21 de agosto de 2023.</p>
<p>Oficial del Orden al Mérito de la República Italiana</p>
<p>Casado, es padre de dos niñas.</p>
<p>El Cónsul General es asistido por el Cónsul Lorenzo Conti y por un equipo de 45 personas.</p>
<p><strong><a href="https://consbuenosaires.esteri.it/es/news/dal_consolato/2023/08/mensaje-de-saludo-del-consul-general/" target="_blank" rel="noopener">Mensaje de saludo</a></strong></p>
<p><strong><a href="https://consbuenosaires.esteri.it/wp-content/uploads/2025/02/Lista_CONSOLI.pdf" target="_blank" rel="noopener">Listado de los Cónsules Generales de Italia en Buenos Aires</a></strong></p>
</div>

Carmelo Barbera Nacido en Messina en el año 1978, luego de diplomarse en el Liceo se gradúa en Ciencias Internacionales y Diplomáticas en la Universidad de Bologna, Sede de Forlì. Ingresa a la carrera Diplomática en el año 2003, prestando servicio ante la Inspección General del Ministerio y de las Oficinas en el Exterior y [&hellip;]
